{"id":12,"date":"2014-07-18T11:01:44","date_gmt":"2014-07-18T09:01:44","guid":{"rendered":"http:\/\/localhost\/wordpress2\/?page_id=12"},"modified":"2026-03-09T11:23:29","modified_gmt":"2026-03-09T09:23:29","slug":"aktuell","status":"publish","type":"page","link":"http:\/\/www.uni-suono.de\/?page_id=12","title":{"rendered":"Aktuell"},"content":{"rendered":"<ul>\n<li><strong>Samstag, den 9. Mai 2026 um 17 Uhr<\/strong><br \/>\nin der <a href=\"https:\/\/basisgemeinde.org\/\" target=\"_blank\" rel=\"noopener\">Basisgemeinde Wulfshagenerh\u00fctten<\/a><br \/>\nZum Wohld 4, 24214 T\u00fcttendorf<br \/>\n&#8222;Hoffnung&#8220;<br \/>\nTexte und Musik von Mozart, Haydn, Tschaikowsky &amp; Dvo\u0159\u00e1k<\/li>\n<li><strong>Sonntag, den 19. April 2026<\/strong><br \/>\nSonntagskonzert um 17 Uhr.<br \/>\nMit Werken von Gernsheim, Mozart, Dvorak &amp; Schubert<br \/>\nKirchen- und Veranstaltungszentrum, W\u00f6rdemannsweg 23, 22527 Hamburg<\/li>\n<li><strong>Freitag, den 23. Januar 2026<\/strong><br \/>\nMusikalische Umrahmung zur Verleihung des Klaus Hemmerle Preises im Dom zu Aachen an <a href=\"https:\/\/www.pro-oriente.at\/\" target=\"_blank\" rel=\"noopener\">&#8222;Pro Oriente&#8220;<\/a> aus Wien<\/li>\n<li><strong>Sonntag, den 14. September 2025 um 17 Uhr<\/strong><br \/>\nKonzert am Tag des offenen Denkmals<br \/>\nin der <a href=\"https:\/\/hljosefina-bakhita.de\/\" target=\"_blank\" rel=\"noopener\">St. Jakobus-Kirche<\/a>, Jevenstedter Str. 111, 22547 Hamburg<br \/>\n&#8222;Sehnsucht nach Frieden&#8220;<br \/>\nTexte und Musik von Mozart, Gernsheim, Mendelssohn-Bartholdy &amp; Piazzolla<\/li>\n<li><strong>Samstag, den 27. April 2024<\/strong><br \/>\nKonzert in der <a href=\"https:\/\/www.kirche-stellingen.com\/\" target=\"_blank\" rel=\"noopener\">Stelllinger Kirche<\/a> um 17 Uhr.<br \/>\nMit Werken von J. S. Bach, Haydn, Tschaikowsky &amp; Minho Chang<br \/>\n<span class=\"font-size-18 m-font-size-16\">Molkenbuhrstra\u00dfe 8, 22525 Hamburg<\/span><\/li>\n<li><strong>Sonntag, den 25. Februar 2024<\/strong><br \/>\nSonntagskonzert in der Passionszeit um 17 Uhr.<br \/>\nMit Werken von Pergolesi, Rossini, Haydn &amp; Minho Chang<br \/>\n<a href=\"https:\/\/www.diakonie-alten-eichen.de\/unsere-news\/sonntagskonzert-in-der-passionszeit\" target=\"_blank\" rel=\"noopener\">Kirchen- und Veranstaltungszentrum<\/a>, W\u00f6rdemannsweg 23, 22527 Hamburg<\/li>\n<li><strong>Freitag, den 26. Januar 2024<\/strong><br \/>\nMusikalische Umrahmung zur Verleihung des <a href=\"https:\/\/www.fokolar-bewegung.de\/presse\/klaus-hemmerle-preis-2024-geht-kardinal-michael-czerny-sj\" target=\"_blank\" rel=\"noopener\">Klaus Hemmerle Preises<\/a> im Dom zu Aachen an den Kardinal Michael F. Czerny SJ<\/li>\n<li><strong>Dienstag, den 3. Oktober 2023 um 17 Uhr<\/strong><br \/>\nWerke von Bach, Mozart, Grieg &amp; Piazzolla in der &#8222;Alten Kirche&#8220; der Evangelisch-Lutherischen Dionysius Gemeinde, Lange Strasse 82\/ Ecke Poststrasse, 27580 Bremerhaven-Lehe<\/li>\n<li><strong>Sonntag, den 10. September 2023 um 16 Uhr<\/strong><br \/>\n&#8222;Wunderkind trifft Talent&#8220; Musik und Texte zum Tag des Denkmals. Mit Werken von Bach, Mozart, Grieg &amp; Piazzolla in der St. Jakobuskirche Hamburg-Lurup (Jevenstedter Strasse 111)<\/li>\n<li><strong>Samstag, den 25. Februar 2023 um 17 Uhr<\/strong><br \/>\n&#8222;Sehnsucht&#8220; Musik und Texte im Willehad-Saal (altes Postgeb\u00e4ude), Dechanatstr. 9, 28195 Bremen<br \/>\nMusik von Telemann, Mozart, Wagner &amp; Brahms<\/li>\n<li><strong>Sonntag, den 5. Februar 2023 um 17 Uhr<\/strong><br \/>\n&#8222;Sonntagskantate&#8220; mit Werken von Johann Sebastian Bach in der Auferstehungskirche Alten Eichen, W\u00f6rdemannsweg 23, 22527 Hamburg<\/li>\n<li><strong>Sonntag, den 11. September 2022 um 16 Uhr<\/strong><br \/>\nMusik und Texte zum Tag des Denkmals in der St. Jakobuskirche Hamburg-Lurup (Jevenstedter Strasse 111)<br \/>\nMusik von Telemann, Brahms, Wagner &amp; Mozart<\/li>\n<li><strong>Samstag, den 11. Juni 2022<\/strong><br \/>\nMusikalische Umrahmung zur Verleihung des <a href=\"https:\/\/www.fokolar-bewegung.de\/nachrichten\/klaus-hemmerle-preis-2022\" target=\"_blank\" rel=\"noopener\">Klaus-Hemmerle-Preises<\/a> an die ehemalige polnische Premierministerin, Justizministerin und Generalstaatsanw\u00e4ltin Prof. Dr. Hanna Suchocka in der Konrad Adenauer Akademie in Berlin<\/li>\n<li><strong>Sonntag, den 12. September 2021 um 16 Uhr<\/strong><br \/>\nMusik und Texte\u00a0 in der St. Jakobuskirche Hamburg-Lurup (Jevenstedter Strasse 111)<br \/>\nMusik von Bach, Tschaikowski, Wagner &amp; Mozart<\/li>\n<\/ul>\n","protected":false},"excerpt":{"rendered":"<p>Samstag, den 9. Mai 2026 um 17 Uhr in der Basisgemeinde Wulfshagenerh\u00fctten Zum Wohld 4, 24214 T\u00fcttendorf &#8222;Hoffnung&#8220; Texte und Musik von Mozart, Haydn, Tschaikowsky &amp; Dvo\u0159\u00e1k Sonntag, den 19. April 2026 Sonntagskonzert um 17 Uhr. Mit Werken von Gernsheim, Mozart, Dvorak &amp; Schubert Kirchen- und Veranstaltungszentrum, W\u00f6rdemannsweg 23, 22527 Hamburg Freitag, den 23. Januar [&hellip;]<\/p>\n","protected":false},"author":1,"featured_media":0,"parent":0,"menu_order":0,"comment_status":"closed","ping_status":"closed","template":"","meta":{"footnotes":""},"class_list":["post-12","page","type-page","status-publish","hentry"],"_links":{"self":[{"href":"http:\/\/www.uni-suono.de\/index.php?rest_route=\/wp\/v2\/pages\/12","targetHints":{"allow":["GET"]}}],"collection":[{"href":"http:\/\/www.uni-suono.de\/index.php?rest_route=\/wp\/v2\/pages"}],"about":[{"href":"http:\/\/www.uni-suono.de\/index.php?rest_route=\/wp\/v2\/types\/page"}],"author":[{"embeddable":true,"href":"http:\/\/www.uni-suono.de\/index.php?rest_route=\/wp\/v2\/users\/1"}],"replies":[{"embeddable":true,"href":"http:\/\/www.uni-suono.de\/index.php?rest_route=%2Fwp%2Fv2%2Fcomments&post=12"}],"version-history":[{"count":50,"href":"http:\/\/www.uni-suono.de\/index.php?rest_route=\/wp\/v2\/pages\/12\/revisions"}],"predecessor-version":[{"id":585,"href":"http:\/\/www.uni-suono.de\/index.php?rest_route=\/wp\/v2\/pages\/12\/revisions\/585"}],"wp:attachment":[{"href":"http:\/\/www.uni-suono.de\/index.php?rest_route=%2Fwp%2Fv2%2Fmedia&parent=12"}],"curies":[{"name":"wp","href":"https:\/\/api.w.org\/{rel}","templated":true}]}}